{"id":1330,"date":"2021-09-06T07:21:18","date_gmt":"2021-09-06T10:21:18","guid":{"rendered":"https:\/\/cgilardi-cba.infd.edu.ar\/sitio\/?page_id=1330"},"modified":"2021-09-07T21:40:34","modified_gmt":"2021-09-08T00:40:34","slug":"taller-de-musica-y-discapacidad","status":"publish","type":"page","link":"https:\/\/cgilardi-cba.infd.edu.ar\/sitio\/taller-de-musica-y-discapacidad\/","title":{"rendered":"Taller de M\u00fasica y Discapacidad"},"content":{"rendered":"\n<p class=\"has-text-align-center\">TALLER DE M\u00daSICA PARA PERSONAS CON DISCAPACIDAD<\/p>\n\n\n\n<p class=\"has-text-align-center\"><img decoding=\"async\" loading=\"lazy\" width=\"1280\" height=\"718\" class=\"wp-image-1515\" style=\"width: 300px;\" src=\"https:\/\/cgilardi-cba.infd.edu.ar\/sitio\/wp-content\/uploads\/2021\/09\/WhatsApp-Image-2021-09-07-at-21.22.35-8.jpeg\" alt=\"\" srcset=\"https:\/\/cgilardi-cba.infd.edu.ar\/sitio\/wp-content\/uploads\/2021\/09\/WhatsApp-Image-2021-09-07-at-21.22.35-8.jpeg 1280w, https:\/\/cgilardi-cba.infd.edu.ar\/sitio\/wp-content\/uploads\/2021\/09\/WhatsApp-Image-2021-09-07-at-21.22.35-8-1000x561.jpeg 1000w, https:\/\/cgilardi-cba.infd.edu.ar\/sitio\/wp-content\/uploads\/2021\/09\/WhatsApp-Image-2021-09-07-at-21.22.35-8-768x431.jpeg 768w\" sizes=\"(max-width: 1280px) 100vw, 1280px\" \/><\/p>\n\n\n\n<p>El taller surge ante la necesidad de un espacio musical para personas con discapacidad (ni\u00f1os, ni\u00f1as, adolescentes y adultos), adonde se respete su derecho a la educaci\u00f3n en igualdad de condiciones, atendiendo sus necesidades particulares, desde una propuesta inclusiva.<\/p>\n\n\n\n<p>Objetivos:&nbsp;&nbsp;<\/p>\n\n\n\n<p>&nbsp;&#8211;&nbsp;&nbsp;&nbsp;&nbsp;&nbsp;&nbsp;&nbsp; &nbsp;generar un espacio de encuentro y participaci\u00f3n<\/p>\n\n\n\n<p>&#8211;&nbsp;&nbsp;&nbsp;&nbsp;&nbsp;&nbsp;&nbsp;&nbsp;&nbsp; promover el disfrute de la m\u00fasica desde las posibilidades de cada uno\/a,&nbsp;<\/p>\n\n\n\n<p>&#8211;&nbsp;&nbsp;&nbsp;&nbsp;&nbsp;&nbsp;&nbsp;&nbsp;&nbsp; favorecer la comunicaci\u00f3n y los modos de expresi\u00f3n personal<\/p>\n\n\n\n<p>&#8211;&nbsp;&nbsp;&nbsp;&nbsp;&nbsp;&nbsp;&nbsp;&nbsp;&nbsp; propiciar el desarrollo progresivo de habilidades musicales.<\/p>\n","protected":false},"excerpt":{"rendered":"<p>TALLER DE M\u00daSICA PARA PERSONAS CON DISCAPACIDAD El taller surge ante la necesidad de un espacio musical para personas con discapacidad (ni\u00f1os, ni\u00f1as, adolescentes y adultos), adonde se respete su derecho a la educaci\u00f3n en igualdad de condiciones, atendiendo sus necesidades particulares, desde una propuesta inclusiva. Objetivos:&nbsp;&nbsp; &nbsp;&#8211;&nbsp;&nbsp;&nbsp;&nbsp;&nbsp;&nbsp;&nbsp; &nbsp;generar un espacio de encuentro y participaci\u00f3n &#8230; <a title=\"Taller de M\u00fasica y Discapacidad\" class=\"read-more\" href=\"https:\/\/cgilardi-cba.infd.edu.ar\/sitio\/taller-de-musica-y-discapacidad\/\" aria-label=\"More on Taller de M\u00fasica y Discapacidad\">[+]<\/a><\/p>\n","protected":false},"author":99,"featured_media":0,"parent":0,"menu_order":0,"comment_status":"closed","ping_status":"closed","template":"","meta":[],"acf":[],"_links":{"self":[{"href":"https:\/\/cgilardi-cba.infd.edu.ar\/sitio\/wp-json\/wp\/v2\/pages\/1330"}],"collection":[{"href":"https:\/\/cgilardi-cba.infd.edu.ar\/sitio\/wp-json\/wp\/v2\/pages"}],"about":[{"href":"https:\/\/cgilardi-cba.infd.edu.ar\/sitio\/wp-json\/wp\/v2\/types\/page"}],"author":[{"embeddable":true,"href":"https:\/\/cgilardi-cba.infd.edu.ar\/sitio\/wp-json\/wp\/v2\/users\/99"}],"replies":[{"embeddable":true,"href":"https:\/\/cgilardi-cba.infd.edu.ar\/sitio\/wp-json\/wp\/v2\/comments?post=1330"}],"version-history":[{"count":2,"href":"https:\/\/cgilardi-cba.infd.edu.ar\/sitio\/wp-json\/wp\/v2\/pages\/1330\/revisions"}],"predecessor-version":[{"id":1521,"href":"https:\/\/cgilardi-cba.infd.edu.ar\/sitio\/wp-json\/wp\/v2\/pages\/1330\/revisions\/1521"}],"wp:attachment":[{"href":"https:\/\/cgilardi-cba.infd.edu.ar\/sitio\/wp-json\/wp\/v2\/media?parent=1330"}],"curies":[{"name":"wp","href":"https:\/\/api.w.org\/{rel}","templated":true}]}}

Taller de Música y Discapacidad

<p class="has-text-align-center">TALLER DE MÚSICA PARA PERSONAS CON DISCAPACIDAD</p>



<p class="has-text-align-center"><img decoding="async" loading="lazy" width="1280" height="718" class="wp-image-1515" style="width: 300px;" src="https://cgilardi-cba.infd.edu.ar/sitio/wp-content/uploads/2021/09/WhatsApp-Image-2021-09-07-at-21.22.35-8.jpeg" alt="" srcset="https://cgilardi-cba.infd.edu.ar/sitio/wp-content/uploads/2021/09/WhatsApp-Image-2021-09-07-at-21.22.35-8.jpeg 1280w, https://cgilardi-cba.infd.edu.ar/sitio/wp-content/uploads/2021/09/WhatsApp-Image-2021-09-07-at-21.22.35-8-1000x561.jpeg 1000w, https://cgilardi-cba.infd.edu.ar/sitio/wp-content/uploads/2021/09/WhatsApp-Image-2021-09-07-at-21.22.35-8-768x431.jpeg 768w" sizes="(max-width: 1280px) 100vw, 1280px" /></p>



<p>El taller surge ante la necesidad de un espacio musical para personas con discapacidad (niños, niñas, adolescentes y adultos), adonde se respete su derecho a la educación en igualdad de condiciones, atendiendo sus necesidades particulares, desde una propuesta inclusiva.</p>



<p>Objetivos:&nbsp;&nbsp;</p>



<p>&nbsp;&#8211;&nbsp;&nbsp;&nbsp;&nbsp;&nbsp;&nbsp;&nbsp; &nbsp;generar un espacio de encuentro y participación</p>



<p>&#8211;&nbsp;&nbsp;&nbsp;&nbsp;&nbsp;&nbsp;&nbsp;&nbsp;&nbsp; promover el disfrute de la música desde las posibilidades de cada uno/a,&nbsp;</p>



<p>&#8211;&nbsp;&nbsp;&nbsp;&nbsp;&nbsp;&nbsp;&nbsp;&nbsp;&nbsp; favorecer la comunicación y los modos de expresión personal</p>



<p>&#8211;&nbsp;&nbsp;&nbsp;&nbsp;&nbsp;&nbsp;&nbsp;&nbsp;&nbsp; propiciar el desarrollo progresivo de habilidades musicales.</p>

<p>TALLER DE MÚSICA PARA PERSONAS CON DISCAPACIDAD El taller surge ante la necesidad de un espacio musical para personas con discapacidad (niños, niñas, adolescentes y adultos), adonde se respete su derecho a la educación en igualdad de condiciones, atendiendo sus necesidades particulares, desde una propuesta inclusiva. Objetivos:&nbsp;&nbsp; &nbsp;&#8211;&nbsp;&nbsp;&nbsp;&nbsp;&nbsp;&nbsp;&nbsp; &nbsp;generar un espacio de encuentro y participación &#8230; <a title="Taller de Música y Discapacidad" class="read-more" href="https://cgilardi-cba.infd.edu.ar/sitio/taller-de-musica-y-discapacidad/" aria-label="More on Taller de Música y Discapacidad">[+]</a></p>
