{"id":1477,"date":"2021-09-06T18:08:02","date_gmt":"2021-09-06T21:08:02","guid":{"rendered":"https:\/\/cgilardi-cba.infd.edu.ar\/sitio\/?page_id=1477"},"modified":"2021-09-07T21:01:47","modified_gmt":"2021-09-08T00:01:47","slug":"centro-de-estudiantes","status":"publish","type":"page","link":"https:\/\/cgilardi-cba.infd.edu.ar\/sitio\/centro-de-estudiantes\/","title":{"rendered":"REGLAMENTO CENTRO ESTUDIANTE"},"content":{"rendered":"\n<p class=\"has-text-align-center\"><strong>Reglamento<\/strong><\/p>\n\n\n\n<p class=\"has-text-align-center\"><strong>Centro de Estudiante<\/strong><\/p>\n\n\n\n<p class=\"has-text-align-center\"><strong>I.S.F.D del conservatorio Gilardo Gilardi<\/strong><\/p>\n\n\n\n<p><strong>PRIMERA PARTE<\/strong><\/p>\n\n\n\n<p><strong>Del objeto<\/strong><\/p>\n\n\n\n<p>Art. 1 &#8211; Se crea el Centro de Estudiantes como espacio para la organizaci\u00f3n y la participaci\u00f3n de todos los alumnos del nivel terciario.<\/p>\n\n\n\n<p>Este espacio ser\u00e1 utilizado para defender los intereses de los estudiantes, promover mejoras en el nivel acad\u00e9mico, fomentar la participaci\u00f3n activa de los alumnos en la instituci\u00f3n, as\u00ed como para lograr un punto de encuentro de ideas y proyectos institucionales.<\/p>\n\n\n\n<p><strong>SEGUNDA PARTE<\/strong><\/p>\n\n\n\n<p><strong>De la organizaci\u00f3n del Centro de Estudiantes<\/strong><\/p>\n\n\n\n<p>Art. 2. \u2013 El Centro de Estudiantes estar\u00e1 conformado por un Presidente, un Vicepresidente y Secretario\/a y hasta cuatro Delegados por carrera (m\u00ednimo), uno por cada a\u00f1o o curso.&nbsp; Estas personas conformar\u00e1n el \u00f3rgano ejecutivo. Cada a\u00f1o o curso tendr\u00e1 1 vocero (puede ser el delegado) \u2013que deber\u00e1n inscribirse en el Centro de Estudiantes para ser oficializados como tales.<\/p>\n\n\n\n<p>Art. 3.\u2013 La Carrera se organizar\u00e1 seg\u00fan sus propias necesidades y conveniencias, y redactar\u00e1 un Reglamento Interno con ese fin, ateni\u00e9ndose a las normas del presente Reglamento y respetando el Reglamento Org\u00e1nico de la Instituci\u00f3n y las leyes vigentes aplicables.<\/p>\n\n\n\n<p>Art. 4 \u2013 El Centro de Estudiantes es una entidad sin fines de lucro. Cualquier actividad que se realice ser\u00e1 siempre en beneficio de los alumnos y de la Instituci\u00f3n. Los integrantes del Centro de Estudiantes no percibir\u00e1n sueldo ni podr\u00e1n aceptar donaciones personales por sus funciones.<\/p>\n\n\n\n<p><strong>TERCERA PARTE<\/strong><\/p>\n\n\n\n<p><strong>De las funciones<\/strong><\/p>\n\n\n\n<p>Art. 5. \u2013 El Presidente del Centro de Estudiantes ser\u00e1 el encargado de supervisar que se cumpla el Reglamento del Centro de Estudiantes del Terciario y ser\u00e1 el nexo entre el Centro de Estudiantes y las autoridades de la Instituci\u00f3n.<\/p>\n\n\n\n<p>Asimismo deber\u00e1 representar a los alumnos del I.S.F.D del Conservatorio Gilardo Gilardi ante otras organizaciones, presidir las reuniones del Centro de Estudiantes y asistir a las reuniones de profesores o Consejo Directivo, siempre y cuando la Direcci\u00f3n de la Instituci\u00f3n lo apruebe (en caso de que el Presidente no pueda asistir, podr\u00e1 hacerlo el Vicepresidente o Secretario\/a). Deber\u00e1 en lo posible establecer contacto con Centros de Estudiantes Terciarios de la ciudad, a fin de coordinar actividades o proyectos.<\/p>\n\n\n\n<p>Art. 6. \u2013 El Vicepresidente del Centro de Estudiantes Terciario deber\u00e1 representar al Presidente del Centro de Estudiantes, cuando \u00e9ste se ausente.<\/p>\n\n\n\n<p>Art. 7. \u2013 Los Delegados de cada a\u00f1o o curso deber\u00e1n analizar y crear mejores condiciones para los alumnos del a\u00f1o o curso que representan y de la Instituci\u00f3n; organizar actividades culturales y de recreaci\u00f3n en el sector que les corresponda; informar al Presidente del Centro de Estudiantes sobre sus gestiones y acercarle las propuestas sugeridas por sus compa\u00f1eros; formar secretarias o departamentos para tratar temas espec\u00edficos y\/o llevar a cabo actividades especiales; difundir todos los actos y decisiones del Centro de Estudiantes; brindar informaci\u00f3n sobre la reglamentaci\u00f3n vigente en el Instituto e informaci\u00f3n general de la carrera.<\/p>\n\n\n\n<p>Al mismo tiempo deber\u00e1n realizar informes de los problemas que surjan en cada a\u00f1o o curso a fin de contar con un archivo, que pasar\u00e1 a manos del Presidente.<\/p>\n\n\n\n<p>Art. 8. \u2013 Las reuniones de cada a\u00f1o o curso&nbsp; ser\u00e1n presididas por el Delegado correspondiente, y podr\u00e1n participar con voz y voto todos los alumnos de ese curso.<\/p>\n\n\n\n<p>Art. 9. \u2013 Las reuniones del \u00f3rgano ejecutivo deben tener una asistencia del ciento por ciento de sus integrantes y ser abiertas, es decir, todos los alumnos del Instituto pueden asistir en car\u00e1cter de oyentes, sin voz ni voto. Las decisiones tomadas en estas reuniones quedar\u00e1n asentadas en el Libro de Actas del Centro de Estudiantes Terciario, que estar\u00e1 a disposici\u00f3n de todo el alumnado del Nivel Superior.<\/p>\n\n\n\n<p>Art. 10. \u2013 La funci\u00f3n primordial de los voceros es ser un canal de comunicaci\u00f3n entre los alumnos y el \u00f3rgano ejecutivo del Centro de Estudiantes.<\/p>\n\n\n\n<p>Los voceros ser\u00e1n los encargados de reunir las propuestas, inquietudes y\/o reclamos que surjan de sus compa\u00f1eros. \u00c9stos ser\u00e1n acercados al Delegado de curso para su posterior tratamiento. Adem\u00e1s deber\u00e1n asistir a las reuniones del Centro de Estudiantes cuando sean convocados.<\/p>\n\n\n\n<p><strong>CUARTE PART<\/strong>E<\/p>\n\n\n\n<p><strong>De las elecciones<\/strong><\/p>\n\n\n\n<p>Art. 11. \u2013 Todos los alumnos del nivel superior tienen derecho a postularse para formar el \u00f3rgano ejecutivo del Centro de Estudiantes, siempre que acrediten su calidad de estudiantes de la Instituci\u00f3n. Los Delegados deber\u00e1n pertenecer a la carrera por la que se postulan.<\/p>\n\n\n\n<p>Art. 12. \u2013 El \u00f3rgano ejecutivo ser\u00e1 elegido anualmente por voto voluntario, de la siguiente manera:<\/p>\n\n\n\n<ul><li>Presidente: por voto directo de todos los alumnos del nivel terciario.<\/li><li>Vicepresidente: por voto de los miembros del \u00f3rgano ejecutivo. En caso de empate, el Presidente del Centro de Estudiantes ser\u00e1 el encargado de optar por uno de ellos.<\/li><li>Delegados de Curso: por voto directo de sus compa\u00f1eros de curso.<\/li><li>Secretario: por voto de los miembros de \u00f3rgano ejecutivo. En caso de empate, el Presidente del Centro de Estudiantes ser\u00e1 el encargado de optar por uno de ellos.<\/li><\/ul>\n\n\n\n<p>Art. 13. \u2013 Todos los miembros del \u00f3rgano ejecutivo podr\u00e1n ser reelectos, siempre que cumplan con la regularidad de la carrera a la que pertenecen.<\/p>\n\n\n\n<p>Art. 14. \u2013 En caso de renuncia del Presidente, \u00e9ste deber\u00e1 presentar por escrito su renuncia al Vicepresidente. Y \u00e9ste deber\u00e1 llamar a elecciones para reemplazarlo en un periodo no mayor a los 30 d\u00edas. Durante este per\u00edodo, el Vicepresidente asumir\u00e1 como Presidente Interino, con las funciones del Presidente. Las decisiones que tome el Presidente Interino deber\u00e1n contar con el consenso general de los restantes miembros del \u00f3rgano ejecutivo.<\/p>\n\n\n\n<p>Art. 15. \u2013 En caso de renuncia de un Delegado, \u00e9ste deber\u00e1 presentarla por escrito al Presidente, quien deber\u00e1 llamar a elecciones para reemplazarlo en un per\u00edodo no mayor a los 30 d\u00edas.<\/p>\n\n\n\n<p>Art. 16. \u2013 Cada curso podr\u00e1 elegir su vocero, y \u00e9ste tendr\u00e1 c\u00f3mo \u00fanico requisito, ser alumno regular de la carrera. Tambi\u00e9n podr\u00e1n ser reelectos y en caso de que renuncie, deber\u00e1 presentar por escrito la misma al delegado de curso y este al Presidente o Vicepresidente.<\/p>\n\n\n\n<p>Art. 17. \u2013 Se convocar\u00e1 a una Junta Electoral compuesta por un Presidente, un Vicepresidente y dos vocales, con aproximadamente 60 (sesenta) d\u00edas de anticipaci\u00f3n a la fecha estimada de elecciones.<\/p>\n\n\n\n<p>Todo alumno que quiera formar parte de la Junta Electoral deber\u00e1 informarlo al Centro de Estudiantes y no podr\u00e1 participar como candidato a ning\u00fan puesto del \u00f3rgano ejecutivo. El Centro de Estudiantes har\u00e1 una lista con la totalidad de los interesados y realizar\u00e1 un sorteo p\u00fablico a los 30 (treinta) d\u00edas de haberla convocado, del que surgir\u00e1n los cuatro integrantes de la Junta.<\/p>\n\n\n\n<p>Art. 18. \u2013 La Junta Electoral deber\u00e1 determinar el calendario electoral y oficializar la lista de candidatos, supervisar las elecciones durante su desarrollo, llevar a cabo el escrutinio del acto electoral y determinar los ganadores por simple mayor\u00eda de votos.<\/p>\n\n\n\n<p>Art. 19. \u2013 Todas las agrupaciones o carreras que se presenten tendr\u00e1n derecho a designar un fiscal de mesa que controle el correcto desarrollo de las elecciones.<\/p>\n\n\n\n<p><strong>QUINTA PARTE<\/strong><\/p>\n\n\n\n<p><strong>Del presente reglamento<\/strong><\/p>\n\n\n\n<p>Art. 20.<strong> \u2013 <\/strong>El Reglamento podr\u00e1 ser modificado en parte o en su totalidad por una Asamblea convocada a tal efecto, en la que deber\u00e1n estar presentes todos los integrantes del \u00d3rgano Ejecutivo. Dicha Asamblea ser\u00e1 de car\u00e1cter p\u00fablico y podr\u00e1n participar en ella todos los alumnos del Nivel Terciario. Para ser aprobadas, las modificaciones deber\u00e1n contar con el voto favorable de 2\/3 de los presentes.<\/p>\n\n\n\n<p><strong>Disposiciones transitorias<\/strong><\/p>\n\n\n\n<p>El Reglamento deber\u00e1 ser aprobado por mayor\u00eda simple de los alumnos presentes en la Asamblea convocada a tal fin, para entrar en vigencia.<\/p>\n\n\n\n<p>La primera Junta Electoral ser\u00e1 convocada en la Asamblea que apruebe el presente reglamento, y esta convocatoria se dar\u00e1 a conocer a todos los alumnos terciarios mediante publicidad.<\/p>\n\n\n\n<p>El primer per\u00edodo del Centro de Estudiantes ser\u00e1 de dos a\u00f1os consecutivos.<\/p>\n","protected":false},"excerpt":{"rendered":"<p>Reglamento Centro de Estudiante I.S.F.D del conservatorio Gilardo Gilardi PRIMERA PARTE Del objeto Art. 1 &#8211; Se crea el Centro de Estudiantes como espacio para la organizaci\u00f3n y la participaci\u00f3n de todos los alumnos del nivel terciario. Este espacio ser\u00e1 utilizado para defender los intereses de los estudiantes, promover mejoras en el nivel acad\u00e9mico, fomentar &#8230; <a title=\"REGLAMENTO CENTRO ESTUDIANTE\" class=\"read-more\" href=\"https:\/\/cgilardi-cba.infd.edu.ar\/sitio\/centro-de-estudiantes\/\" aria-label=\"More on REGLAMENTO CENTRO ESTUDIANTE\">[+]<\/a><\/p>\n","protected":false},"author":99,"featured_media":0,"parent":0,"menu_order":0,"comment_status":"closed","ping_status":"closed","template":"","meta":[],"acf":[],"_links":{"self":[{"href":"https:\/\/cgilardi-cba.infd.edu.ar\/sitio\/wp-json\/wp\/v2\/pages\/1477"}],"collection":[{"href":"https:\/\/cgilardi-cba.infd.edu.ar\/sitio\/wp-json\/wp\/v2\/pages"}],"about":[{"href":"https:\/\/cgilardi-cba.infd.edu.ar\/sitio\/wp-json\/wp\/v2\/types\/page"}],"author":[{"embeddable":true,"href":"https:\/\/cgilardi-cba.infd.edu.ar\/sitio\/wp-json\/wp\/v2\/users\/99"}],"replies":[{"embeddable":true,"href":"https:\/\/cgilardi-cba.infd.edu.ar\/sitio\/wp-json\/wp\/v2\/comments?post=1477"}],"version-history":[{"count":2,"href":"https:\/\/cgilardi-cba.infd.edu.ar\/sitio\/wp-json\/wp\/v2\/pages\/1477\/revisions"}],"predecessor-version":[{"id":1505,"href":"https:\/\/cgilardi-cba.infd.edu.ar\/sitio\/wp-json\/wp\/v2\/pages\/1477\/revisions\/1505"}],"wp:attachment":[{"href":"https:\/\/cgilardi-cba.infd.edu.ar\/sitio\/wp-json\/wp\/v2\/media?parent=1477"}],"curies":[{"name":"wp","href":"https:\/\/api.w.org\/{rel}","templated":true}]}}